9
Suppose -10*z - 2423 = -7*y - 9*z, -2*y + 689 = 3*z. Calculate the remainder when y is divided by 39.
34
Let a(d) = -40*d - 20. Let t be a(1). Let k = t + 67. Calculate the remainder when 25 is divided by k.
4
Suppose -7*w - 1859 = 122. Let p be w + 6 + (-2 - 1). Let h = 459 + p. What is the remainder when h is divided by 46?
41
Let j = -20 - -18. Let d be 24 + 2 + 0 + (j - -3). Suppose -57*s = -56*s - d. Calculate the remainder when s is divided by 19.
8
Suppose -3*v - y = -81, -5*y = -2*v - 0*y + 54. Let a(z) = -326*z + 2957. What is the remainder when a(8) is divided by v?
25
Let f(p) = 23*p + 28. Suppose -10 = -2*b, 0 = -4*a + 3*b - 3 + 8. What is the remainder when f(a) is divided by 19?
10
Suppose -7*t - 11*t = -7*t - 33. What is the remainder when 222 is divided by t?
0
Suppose -348 = -12*n + 588. Suppose -3*f + 2*a + n = 0, -109 = -4*f + 2*a - 7. Calculate the remainder when f is divided by 9.
6
Let b(u) = u**3 - 26*u**2 - 64*u + 1. Let j be b(28). Let h = -163 - j. Let z = -25 + 43. Calculate the remainder when h is divided by z.
6
Calculate the remainder when 5781 is divided by ((-30)/(-40) + 42/8 + -247)/(-1).
238
Let l(r) = 5*r - 2. Suppose -w - 1 = -2*w. Let y be l(w). Suppose -5*g = -y*c - 63, -5*g + 52 = -g - 4*c. Calculate the remainder when 45 is divided by g.
9
Suppose -5*z - 4*z = -126. Suppose 4*v - z = 26. Let f = 58 - 31. Calculate the remainder when f is divided by v.
7
Let u(q) = 2*q + 17. Let x be u(-6). Suppose 62 = 4*c + x*j - 10, 2*c - 36 = 4*j. Suppose 0*b + 265 = 5*b. What is the remainder when b is divided by c?
17
Suppose 5*i - 372 = -k + 8, i = -2*k + 76. Suppose -5*u + 4*u = x - 14, -2*x = 3*u - 32. What is the remainder when i is divided by x?
6
Let i be (27/(-45))/(2/20). Calculate the remainder when 83 is divided by 12 + i + -7 + 6.
3
Suppose -2835 - 840 = -5*v + t, -5*v = 6*t - 3675. Calculate the remainder when v is divided by 21.
0
Suppose -2*u + 684 = 4*u. Suppose -5*s - 58 = c, s - u = 3*c - 4*s. Let v = c - -57. Calculate the remainder when 122 is divided by v.
10
Suppose -5*v + 2*q = -350, 7*v - 2*v + 2*q = 330. Suppose -66*y - 18 = -v*y. What is the remainder when -1*-1*(-1 - -32) is divided by y?
4
Suppose -82*y - 3*b = -86*y + 14689, -y = b - 3674. Calculate the remainder when y is divided by 75.
73
Let y be 6*1*28/28. Suppose 5*s + 32 = k, -2*s + y = 8. What is the remainder when 148 is divided by k?
13
Suppose 0 = 101*l - 5427 - 7703. Calculate the remainder when 254 is divided by l.
124
What is the remainder when (7144/(-304))/(1/(-18)) is divided by 397?
26
Suppose -a - 2*c + 179 = -440, -4*a + 4*c + 2524 = 0. Calculate the remainder when a is divided by 616.
11
Let m = 10697 - 10669. Calculate the remainder when 644 is divided by m.
0
Suppose 2*j = -m + 4*m + 43, -91 = -4*j + 5*m. What is the remainder when 346 is divided by j?
27
Let b(h) = -h**2 - 63*h - 14. What is the remainder when b(-52) is divided by 57?
45
Suppose -5*p + 18*p - 4*p = 693. Calculate the remainder when 140 is divided by p.
63
Suppose 2*d = -172 + 26. Let c = 154 + d. Calculate the remainder when (10/(-3))/((-2)/c) is divided by 34.
33
Let y be 0 + -3 - 9*-1. Let t(k) = k**3 - 4*k**2 + k + 10. Let j be t(y). What is the remainder when 47 is divided by j/9 - 8/(-36)?
7
Let w = -38845 + 38978. Calculate the remainder when 301 is divided by w.
35
Suppose 38*m = 10*m + 392. Let f = m - -345. What is the remainder when f is divided by 36?
35
Suppose 20*d = 7*d + 52. Suppose 0 = d*h - 5*j + 36 - 163, 2*h - 81 = -j. What is the remainder when h is divided by 8?
6
Suppose -t + 4*q = -0*t + 15, -3*q + 15 = 0. Suppose -t*a + 18 + 87 = 0. What is the remainder when a is divided by 12?
9
Let g be (1 - 20/5)*(-2 + 3). What is the remainder when 66 is divided by (47 - 5)/3 - g?
15
Suppose 4*s - 51*s = 42 - 3520. Calculate the remainder when 164 is divided by s.
16
Let w = -57 + 52. Let c = 49 + -21. Let q = w + c. Calculate the remainder when 44 is divided by q.
21
Let o be (11 + 12)/((-22)/(-10) - 2). Let z be (-3)/(-6)*-2 - 106. Let l = z + o. Calculate the remainder when l is divided by 3.
2
Suppose 0 = -2*k + 5*z - 3*z - 8, 5*z = -5*k + 20. Suppose k = -13*j + 1603 + 542. What is the remainder when j is divided by 43?
36
Let c = 13659 + -12057. Calculate the remainder when c is divided by 8.
2
Suppose -2*c + 72 = 5*i - c, 0 = -2*i - 4*c + 18. Let t = i - 12. Suppose -4*j + 266 = t*j. What is the remainder when j is divided by 13?
12
Let c = 2887 - 2115. What is the remainder when c is divided by 768?
4
Let n(c) = 60*c**3 + 3*c**2 - 8*c. Let a be n(2). Suppose 16*w - a = 2*w. Calculate the remainder when 304 is divided by w.
32
Let i(q) = -q**2 - q + 4. Let j be i(-2). Suppose w + 5*z - 39 = j*z, 5*w + 3*z = 231. What is the remainder when 130 is divided by ((-45)/20)/((-9)/w)?
10
Let z be (4/(40/(-2025)))/(2/(-36)). Suppose z = 24*c - 507. What is the remainder when c is divided by 59?
55
Suppose 928 = -166*s + 158*s. Let b = s - -130. Calculate the remainder when 76 is divided by b.
6
Suppose -v - 3*t + 13551 - 3190 = 0, -2*v + 20770 = -2*t. What is the remainder when v is divided by 22?
17
Let v(w) = 13*w**2 + 20*w + 13. Let b be v(-8). Let h = b - 646. Calculate the remainder when 74 is divided by h.
35
Let t = 244 + -169. Suppose -s + t = 5. What is the remainder when s is divided by 16?
6
Suppose 0 = -4*k + 798 - 606. What is the remainder when 229 is divided by k?
37
What is the remainder when (4 + 6558/(-18))/((-5 - 2)/63) is divided by 55?
53
Let r = 0 - -5. Suppose -c + 5 = 0, 28*p - 23*p + 3*c - 150 = 0. Let i(l) = -l**2 + 29*l + 34. What is the remainder when i(p) is divided by r?
3
Let l be (-1)/(21/3732) + (-6)/21. Let r = l - -194. Calculate the remainder when 190 is divided by r.
14
Let b = -221 - -233. Let i = -253 + 418. Calculate the remainder when i is divided by b.
9
Suppose -2*z - 90 - 20 = 0. Let x = 66 + z. Calculate the remainder when 54 is divided by x.
10
Suppose -3*k + 54 = 4*x, 5*x - 1034*k + 1035*k - 84 = 0. Calculate the remainder when 1181 is divided by x.
11
Calculate the remainder when 168/(-280) + 5803/5 is divided by (1/3 - (-5)/(-6))*-54.
26
Suppose 0 = x + x - 30. Let v = 105 + -95. What is the remainder when x is divided by v?
5
Let w = -3463 + 3477. Let b be (-6)/(-15) + 459/15. Let k = 58 - b. What is the remainder when k is divided by w?
13
Let x be 2/(-11) - 11490/330. Let g be 4470/35 + (-10)/x. Calculate the remainder when 84 is divided by (-1*1)/(g/136 + -1).
16
Let z(w) = -36*w + 625. What is the remainder when 535 is divided by z(16)?
45
Let q be 0 + 0 + -1 - (-129 + 25). What is the remainder when (3 - 0 - 2) + 6 + q is divided by 37?
36
Suppose -4*x + 245 = -483. Let l = 72308 - 72281. Calculate the remainder when x is divided by l.
20
Let h(b) = 46*b**2 + 191*b + 384. Calculate the remainder when h(-2) is divided by 164.
22
Suppose 2*w = r - 5 - 11, 4*w - 20 = 0. Let z = r - 15. Let g(u) = -3*u**3 + 3*u**2 + 3*u + 2. Calculate the remainder when z is divided by g(-1).
1
Let g be 2*2*3*(-2465)/(-255). Let y = g - 56. What is the remainder when y is divided by 21?
18
Let c(y) = -4*y - 6. Let o be c(-2). Let h(k) = 0 - 7 - 8*k - 3*k + o. Calculate the remainder when 49 is divided by h(-2).
15
Suppose 5*s - 5*m - 395 = 0, -10*s - 79 = -11*s + 4*m. Calculate the remainder when 1028 is divided by s.
1
Suppose -4*y - 15*n + 62 = -17*n, 47 = 3*y - 2*n. Suppose y*b - 926 - 289 = 0. Calculate the remainder when b is divided by 75.
6
Let n(d) = -5968*d + 1 + 5968*d + 6*d**2. Suppose -p = -5*x + 27, 4*p + 3*x + 2*x = 17. Calculate the remainder when 49 is divided by n(p).
24
Suppose -4*j = c - 66, 72 = c - 3*j + j. Let y be 166*((-2)/7 - (-119)/(-98)). Let v = y - -273. Calculate the remainder when c is divided by v.
22
Suppose 3*o - 12 = 4*q + 15, 3*o = -2*q + 9. Calculate the remainder when 3/(-4)*(-5348)/21 is divided by o.
1
What is the remainder when 194 is divided by (-138)/(-161) + 63765/945 + (-2)/6?
58
Suppose 2*d + d - h + 11 = 0, d - h + 3 = 0. Let l(y) = -y - 1. Let z be l(d). Calculate the remainder when 2 - (9 - z - 3) - -26 is divided by 4.
1
Suppose -20*i + 6 + 537 = -177. Suppose v + 2*v - 6 = 0. Suppose 2*q - 2*y - i = 0, 4*y - v = 3*y. What is the remainder when 79 is